{"id":950,"date":"2025-09-01T10:25:57","date_gmt":"2025-09-01T10:25:57","guid":{"rendered":"https:\/\/gollong-hausmeisterservice.de\/?page_id=950"},"modified":"2025-09-02T10:48:41","modified_gmt":"2025-09-02T10:48:41","slug":"klingelschilder","status":"publish","type":"page","link":"https:\/\/gollong-hausmeisterservice.de\/?page_id=950","title":{"rendered":"Klingelschilder"},"content":{"rendered":"\n<h2 class=\"wp-block-heading has-text-align-center\"><strong> Ihrem Experten f\u00fcr personalisierte Klingelschilder!<\/strong><\/h2>\n\n\n\n<div style=\"height:60px\" aria-hidden=\"true\" class=\"wp-block-spacer\"><\/div>\n\n\n\n<p class=\"has-text-align-center\">Ob f\u00fcr Ihr Zuhause oder Ihr Unternehmen \u2013 bei uns finden Sie ma\u00dfgeschneiderte Klingelschilder, die perfekt zu Ihrem Stil passen. Mit einer breiten Auswahl an Materialien und Designs bieten wir Ihnen hochwertige Schilder, die nicht nur funktional sind, sondern auch ein echter Hingucker an Ihrer T\u00fcr oder Ihrem Eingang.<\/p>\n\n\n\n<div style=\"height:60px\" aria-hidden=\"true\" class=\"wp-block-spacer\"><\/div>\n\n\n\n<h2 class=\"wp-block-heading has-text-align-center\"><strong>Unsere Produkte:<\/strong><\/h2>\n\n\n\n<p class=\"has-text-align-center\">Individuell &amp; einzigartig: Jedes Schild wird nach Ihren W\u00fcnschen gestaltet \u2013 egal ob mit Namen, Logo oder einer pers\u00f6nlichen Nachricht.<\/p>\n\n\n\n<p class=\"has-text-align-center\">Vielf\u00e4ltige Materialien: W\u00e4hlen Sie aus einer gro\u00dfen Auswahl an Materialien wie Kunstoff, Holz oder Metall. Ganz nach Ihrem Geschmack!<\/p>\n\n\n\n<p class=\"has-text-align-center\">Ma\u00dfanfertigung: Brauchen Sie ein Schild in Sondergr\u00f6\u00dfe? Kein Problem \u2013 wir fertigen auch auf Ma\u00df.<\/p>\n\n\n\n<div style=\"height:60px\" aria-hidden=\"true\" class=\"wp-block-spacer\"><\/div>\n\n\n\n<h2 class=\"wp-block-heading has-text-align-center\"><strong>F\u00fcr Privatpersonen und Unternehmen:<\/strong><\/h2>\n\n\n\n<p class=\"has-text-align-center\">F\u00fcr Ihr Zuhause: Machen Sie Ihr Heim noch einladender und setzen Sie mit einem personalisierten Klingelschild ein individuelles Statement.<\/p>\n\n\n\n<p class=\"has-text-align-center\">F\u00fcr Ihr Unternehmen: Verleihen Sie Ihrem Gesch\u00e4ft oder B\u00fcro einen professionellen Look mit hochwertigen Schildern, die Eindruck hinterlassen.<\/p>\n\n\n\n<div style=\"height:60px\" aria-hidden=\"true\" class=\"wp-block-spacer\"><\/div>\n\n\n\n<h2 class=\"wp-block-heading has-text-align-center\"><strong>Warum Wir?<\/strong><\/h2>\n\n\n\n<p class=\"has-text-align-center\">Hochwertige Materialien und pr\u00e4zise Verarbeitung<\/p>\n\n\n\n<p class=\"has-text-align-center\">Kundenspezifische Gestaltung \u2013 wir erf\u00fcllen Ihre W\u00fcnsche!<\/p>\n\n\n\n<div style=\"height:35px\" aria-hidden=\"true\" class=\"wp-block-spacer\"><\/div>\n\n\n\n<p class=\"has-text-align-center\"><strong>Jetzt personalisieren und bestellen \u2013 schnell und unkompliziert!<\/strong><\/p>\n\n\n<div class=\"wpforms-container wpforms-container-full wpforms-block wpforms-block-3cb32b1c-b570-4b93-993d-1b5d557529ee\" id=\"wpforms-956\"><form id=\"wpforms-form-956\" class=\"wpforms-validate wpforms-form wpforms-ajax-form\" data-formid=\"956\" method=\"post\" enctype=\"multipart\/form-data\" action=\"\/index.php?rest_route=%2Fwp%2Fv2%2Fpages%2F950\" data-token=\"d0ee72eaf97c4467f493d0db37acc2ce\" data-token-time=\"1778157550\"><noscript class=\"wpforms-error-noscript\">Bitte aktiviere JavaScript in deinem Browser, um dieses Formular fertigzustellen.<\/noscript><div class=\"wpforms-field-container\"><div id=\"wpforms-956-field_1-container\" class=\"wpforms-field wpforms-field-name\" data-field-id=\"1\"><label class=\"wpforms-field-label\">Name <span class=\"wpforms-required-label\">*<\/span><\/label><div class=\"wpforms-field-row wpforms-field-medium\"><div class=\"wpforms-field-row-block wpforms-first wpforms-one-half\"><input type=\"text\" id=\"wpforms-956-field_1\" class=\"wpforms-field-name-first wpforms-field-required\" name=\"wpforms[fields][1][first]\" required><label for=\"wpforms-956-field_1\" class=\"wpforms-field-sublabel after\">Vorname<\/label><\/div><div class=\"wpforms-field-row-block wpforms-one-half\"><input type=\"text\" id=\"wpforms-956-field_1-last\" class=\"wpforms-field-name-last wpforms-field-required\" name=\"wpforms[fields][1][last]\" required><label for=\"wpforms-956-field_1-last\" class=\"wpforms-field-sublabel after\">Nachname<\/label><\/div><\/div><\/div>\t\t<div id=\"wpforms-956-field_4-container\"\n\t\t\tclass=\"wpforms-field wpforms-field-text\"\n\t\t\tdata-field-type=\"text\"\n\t\t\tdata-field-id=\"4\"\n\t\t\t>\n\t\t\t<label class=\"wpforms-field-label\" for=\"wpforms-956-field_4\" >E-Mail-Adresse  Auftrags<\/label>\n\t\t\t<input type=\"text\" id=\"wpforms-956-field_4\" class=\"wpforms-field-medium\" name=\"wpforms[fields][4]\" >\n\t\t<\/div>\n\t\t<div id=\"wpforms-956-field_2-container\" class=\"wpforms-field wpforms-field-email\" data-field-id=\"2\"><label class=\"wpforms-field-label\" for=\"wpforms-956-field_2\">E-Mail-Adresse <span class=\"wpforms-required-label\">*<\/span><\/label><input type=\"email\" id=\"wpforms-956-field_2\" class=\"wpforms-field-medium wpforms-field-required\" name=\"wpforms[fields][2]\" spellcheck=\"false\" required><\/div><div id=\"wpforms-956-field_3-container\" class=\"wpforms-field wpforms-field-textarea\" data-field-id=\"3\"><label class=\"wpforms-field-label\" for=\"wpforms-956-field_3\">Beschreibung Ihres Auftrags  <span class=\"wpforms-required-label\">*<\/span><\/label><textarea id=\"wpforms-956-field_3\" class=\"wpforms-field-medium wpforms-field-required\" name=\"wpforms[fields][3]\" required><\/textarea><div class=\"wpforms-field-description\">Ma\u00dfe, Material, Verwendungszweck <\/div><\/div><script>\n\t\t\t\t( function() {\n\t\t\t\t\tconst style = document.createElement( 'style' );\n\t\t\t\t\tstyle.appendChild( document.createTextNode( '#wpforms-956-field_4-container { position: absolute !important; overflow: hidden !important; display: inline !important; height: 1px !important; width: 1px !important; z-index: -1000 !important; padding: 0 !important; } #wpforms-956-field_4-container input { visibility: hidden; } #wpforms-conversational-form-page #wpforms-956-field_4-container label { counter-increment: none; }' ) );\n\t\t\t\t\tdocument.head.appendChild( style );\n\t\t\t\t\tdocument.currentScript?.remove();\n\t\t\t\t} )();\n\t\t\t<\/script><\/div><!-- .wpforms-field-container --><div class=\"wpforms-submit-container\" ><input type=\"hidden\" name=\"wpforms[id]\" value=\"956\"><input type=\"hidden\" name=\"page_title\" value=\"\"><input type=\"hidden\" name=\"page_url\" value=\"https:\/\/gollong-hausmeisterservice.de\/index.php?rest_route=\/wp\/v2\/pages\/950\"><input type=\"hidden\" name=\"url_referer\" value=\"\"><button type=\"submit\" name=\"wpforms[submit]\" id=\"wpforms-submit-956\" class=\"wpforms-submit\" data-alt-text=\"Wird gesendet\u00a0\u2026\" data-submit-text=\"Absenden\" aria-live=\"assertive\" value=\"wpforms-submit\">Absenden<\/button><img loading=\"lazy\" decoding=\"async\" src=\"https:\/\/gollong-hausmeisterservice.de\/wp-content\/plugins\/wpforms-lite\/assets\/images\/submit-spin.svg\" class=\"wpforms-submit-spinner\" style=\"display: none;\" width=\"26\" height=\"26\" alt=\"Wird geladen\"><\/div><\/form><\/div>  <!-- .wpforms-container -->\n\n\n<p><\/p>\n","protected":false},"excerpt":{"rendered":"<p>Ihrem Experten f\u00fcr personalisierte Klingelschilder! Ob f\u00fcr Ihr Zuhause oder Ihr Unternehmen \u2013 bei uns finden Sie ma\u00dfgeschneiderte Klingelschilder, die perfekt zu Ihrem Stil passen. Mit einer breiten Auswahl an Materialien und Designs bieten wir Ihnen hochwertige Schilder, die nicht nur funktional sind, sondern auch ein echter Hingucker an Ihrer T\u00fcr oder Ihrem Eingang. Unsere [&hellip;]<\/p>\n","protected":false},"author":1,"featured_media":0,"parent":0,"menu_order":0,"comment_status":"closed","ping_status":"closed","template":"","meta":{"footnotes":""},"class_list":["post-950","page","type-page","status-publish","hentry"],"_links":{"self":[{"href":"https:\/\/gollong-hausmeisterservice.de\/index.php?rest_route=\/wp\/v2\/pages\/950","targetHints":{"allow":["GET"]}}],"collection":[{"href":"https:\/\/gollong-hausmeisterservice.de\/index.php?rest_route=\/wp\/v2\/pages"}],"about":[{"href":"https:\/\/gollong-hausmeisterservice.de\/index.php?rest_route=\/wp\/v2\/types\/page"}],"author":[{"embeddable":true,"href":"https:\/\/gollong-hausmeisterservice.de\/index.php?rest_route=\/wp\/v2\/users\/1"}],"replies":[{"embeddable":true,"href":"https:\/\/gollong-hausmeisterservice.de\/index.php?rest_route=%2Fwp%2Fv2%2Fcomments&post=950"}],"version-history":[{"count":11,"href":"https:\/\/gollong-hausmeisterservice.de\/index.php?rest_route=\/wp\/v2\/pages\/950\/revisions"}],"predecessor-version":[{"id":1008,"href":"https:\/\/gollong-hausmeisterservice.de\/index.php?rest_route=\/wp\/v2\/pages\/950\/revisions\/1008"}],"wp:attachment":[{"href":"https:\/\/gollong-hausmeisterservice.de\/index.php?rest_route=%2Fwp%2Fv2%2Fmedia&parent=950"}],"curies":[{"name":"wp","href":"https:\/\/api.w.org\/{rel}","templated":true}]}}