{"id":36,"date":"2018-06-29T12:53:56","date_gmt":"2018-06-29T12:53:56","guid":{"rendered":"http:\/\/gollong-hausmeisterservice.de\/?page_id=36"},"modified":"2026-01-12T10:39:17","modified_gmt":"2026-01-12T10:39:17","slug":"garten-und-landschaftsbau","status":"publish","type":"page","link":"https:\/\/gollong-hausmeisterservice.de\/?page_id=36","title":{"rendered":"Garten und Landschaftsbau"},"content":{"rendered":"<h2 data-start=\"172\" data-end=\"199\">\u00a0<\/h2>\n<p style=\"text-align: center;\">Seit <strong>2017<\/strong> verst\u00e4rkt ein ausgebildeter Landschaftsg\u00e4rtner unser Team und bringt fachliches Know-how sowie langj\u00e4hrige Praxiserfahrung in unseren Betrieb ein.<\/p>\n<p style=\"text-align: center;\">\u00a0<\/p>\n<p style=\"text-align: center;\">Der Garten ist f\u00fcr uns weit mehr als nur Au\u00dfenfl\u00e4che \u2013 er ist ein Ort der Erholung, des R\u00fcckzugs und der Lebensqualit\u00e4t. Deshalb planen und gestalten wir Ihre Gr\u00fcnanlagen so, dass sie funktional, langlebig und gleichzeitig ein Ort zum Wohlf\u00fchlen sind.<\/p>\n<p style=\"text-align: center;\">\u00a0<\/p>\n<p style=\"text-align: center;\">Wir bieten Ihnen das komplette Leistungsspektrum im Garten- und Landschaftsbau \u2013 von der Neuanlage bis zur Umgestaltung bestehender Au\u00dfenbereiche<\/p>\n<p>\u00a0<\/p>\n<p data-start=\"760\" data-end=\"795\"><strong data-start=\"760\" data-end=\"795\">Unsere Leistungen im \u00dcberblick:<\/strong><\/p>\n<ul data-start=\"796\" data-end=\"1249\">\n<li data-start=\"796\" data-end=\"840\">\n<p data-start=\"798\" data-end=\"840\">Pflasterarbeiten (Naturstein &amp; Betonstein)<\/p>\n<\/li>\n<li data-start=\"841\" data-end=\"874\">\n<p data-start=\"843\" data-end=\"874\">Zaunbau (Holz, Stabmatten, WPC)<\/p>\n<\/li>\n<li data-start=\"875\" data-end=\"910\">\n<p data-start=\"877\" data-end=\"910\">Komplette Neuanlage von Vorg\u00e4rten<\/p>\n<\/li>\n<li data-start=\"911\" data-end=\"942\">\n<p data-start=\"913\" data-end=\"942\">Sichtschutzl\u00f6sungen aller Art<\/p>\n<\/li>\n<li data-start=\"943\" data-end=\"990\">\n<p data-start=\"945\" data-end=\"990\">Terrassenbau (Holz, WPC, Platten, Naturstein)<\/p>\n<\/li>\n<li data-start=\"991\" data-end=\"1030\">\n<p data-start=\"993\" data-end=\"1030\">Pflanzarbeiten &amp; Bepflanzungskonzepte<\/p>\n<\/li>\n<li data-start=\"1031\" data-end=\"1065\">\n<p data-start=\"1033\" data-end=\"1065\">Rasenbau (Neuansaat &amp; Rollrasen)<\/p>\n<\/li>\n<li data-start=\"1066\" data-end=\"1100\">\n<p data-start=\"1068\" data-end=\"1100\">Kleinere Erd- und Aushubarbeiten<\/p>\n<\/li>\n<li data-start=\"1101\" data-end=\"1162\">\n<p data-start=\"1103\" data-end=\"1162\">Gartenausstattung (M\u00fcllh\u00e4user, Briefkastenanlagen u. v. m.)<\/p>\n<\/li>\n<li data-start=\"1163\" data-end=\"1249\">\n<p data-start=\"1165\" data-end=\"1249\">Verkehrssicherung &amp; Beschilderung (Temposchwellen, Verkehrsspiegel, Hinweisschilder)<\/p>\n<\/li>\n<\/ul>\n<p data-start=\"1251\" data-end=\"1394\"><strong>Gerne beraten wir Sie pers\u00f6nlich und entwickeln gemeinsam mit Ihnen eine L\u00f6sung, die optimal zu Ihrem Grundst\u00fcck und Ihren Vorstellungen passt.<\/strong><\/p>\n<p style=\"text-align: center;\"><strong>Beispielbilder unserer Gewerke<\/strong><\/p>\n\n\n<div class=\"alignnormal\"><div id=\"metaslider-id-908\" style=\"max-width: 700px;\" class=\"ml-slider-3-103-0 metaslider metaslider-responsive metaslider-908 ml-slider hide-arrows-smartphone hide-arrows-laptop hide-arrows-desktop ms-theme-default\" role=\"region\" aria-label=\"Startseite\" data-height=\"400\" data-width=\"700\">\n    <div id=\"metaslider_container_908\">\n        <ul id='metaslider_908' class='rslides'>\n            <li aria-roledescription='slide' aria-labelledby='slide-0'><img loading=\"lazy\" decoding=\"async\" src=\"https:\/\/gollong-hausmeisterservice.de\/wp-content\/uploads\/2022\/01\/20210726_191109-scaled-700x400.jpg\" height=\"400\" width=\"700\" alt=\"\" class=\"slider-908 slide-919 msDefaultImage\" title=\"20210726_191109\" \/><div class=\"caption-wrap\"><div class=\"caption\"><div>Feinsteinzeug Terrassen\u00a0<\/div><\/div><\/div><\/li>\n            <li style='display: none;' aria-roledescription='slide' aria-labelledby='slide-1'><img loading=\"lazy\" decoding=\"async\" src=\"https:\/\/gollong-hausmeisterservice.de\/wp-content\/uploads\/2022\/12\/20220405_144453-scaled-700x400.jpg\" height=\"400\" width=\"700\" alt=\"\" class=\"slider-908 slide-910 msDefaultImage\" title=\"20220405_144453\" \/><div class=\"caption-wrap\"><div class=\"caption\"><div>Holzz\u00e4une<\/div><\/div><\/div><\/li>\n            <li style='display: none;' aria-roledescription='slide' aria-labelledby='slide-2'><img loading=\"lazy\" decoding=\"async\" src=\"https:\/\/gollong-hausmeisterservice.de\/wp-content\/uploads\/2022\/12\/Pflanzungcollage-1-scaled-700x400.jpg\" height=\"400\" width=\"700\" alt=\"\" class=\"slider-908 slide-917 msDefaultImage\" title=\"Pflanzungcollage-1\" \/><div class=\"caption-wrap\"><div class=\"caption\"><div>Pflanzungen jeder Art\u00a0<\/div><\/div><\/div><\/li>\n            <li style='display: none;' aria-roledescription='slide' aria-labelledby='slide-3'><img loading=\"lazy\" decoding=\"async\" src=\"https:\/\/gollong-hausmeisterservice.de\/wp-content\/uploads\/2022\/01\/20211229_111721-1-scaled-700x400.jpg\" height=\"400\" width=\"700\" alt=\"\" class=\"slider-908 slide-922 msDefaultImage\" title=\"20211229_111721-1\" \/><div class=\"caption-wrap\"><div class=\"caption\">Pflanztrog<\/div><\/div><\/li>\n            <li style='display: none;' aria-roledescription='slide' aria-labelledby='slide-4'><img loading=\"lazy\" decoding=\"async\" src=\"https:\/\/gollong-hausmeisterservice.de\/wp-content\/uploads\/2022\/12\/20220825_094735-scaled-700x400.jpg\" height=\"400\" width=\"700\" alt=\"\" class=\"slider-908 slide-916 msDefaultImage\" title=\"20220825_094735\" \/><div class=\"caption-wrap\"><div class=\"caption\"><div>Rollrasen\u00a0<\/div><\/div><\/div><\/li>\n            <li style='display: none;' aria-roledescription='slide' aria-labelledby='slide-5'><img loading=\"lazy\" decoding=\"async\" src=\"https:\/\/gollong-hausmeisterservice.de\/wp-content\/uploads\/2024\/10\/20240415_160913-scaled-700x400.jpg\" height=\"400\" width=\"700\" alt=\"\" class=\"slider-908 slide-920 msDefaultImage\" title=\"20240415_160913\" \/><div class=\"caption-wrap\"><div class=\"caption\"><div>Holzz\u00e4une<\/div><\/div><\/div><\/li>\n            <li style='display: none;' aria-roledescription='slide' aria-labelledby='slide-6'><img loading=\"lazy\" decoding=\"async\" src=\"https:\/\/gollong-hausmeisterservice.de\/wp-content\/uploads\/2024\/10\/20240605_154749-scaled-700x400.jpg\" height=\"400\" width=\"700\" alt=\"\" class=\"slider-908 slide-934 msDefaultImage\" title=\"20240605_154749\" \/><div class=\"caption-wrap\"><div class=\"caption\"><div>Verkehrsspiegel<\/div><\/div><\/div><\/li>\n            <li style='display: none;' aria-roledescription='slide' aria-labelledby='slide-7'><img loading=\"lazy\" decoding=\"async\" src=\"https:\/\/gollong-hausmeisterservice.de\/wp-content\/uploads\/2024\/01\/20230812_170604-scaled-700x400.jpg\" height=\"400\" width=\"700\" alt=\"\" class=\"slider-908 slide-914 msDefaultImage\" title=\"20230812_170604\" \/><div class=\"caption-wrap\"><div class=\"caption\"><div>Dachterrassen<\/div><\/div><\/div><\/li>\n            <li style='display: none;' aria-roledescription='slide' aria-labelledby='slide-8'><img loading=\"lazy\" decoding=\"async\" src=\"https:\/\/gollong-hausmeisterservice.de\/wp-content\/uploads\/2020\/11\/IMG_20190823_110556-1-scaled-700x400.jpg\" height=\"400\" width=\"700\" alt=\"\" class=\"slider-908 slide-929 msDefaultImage\" title=\"IMG_20190823_110556-1\" \/><div class=\"caption-wrap\"><div class=\"caption\"><div>Heckenpflanzung<\/div><\/div><\/div><\/li>\n            <li style='display: none;' aria-roledescription='slide' aria-labelledby='slide-9'><img loading=\"lazy\" decoding=\"async\" src=\"https:\/\/gollong-hausmeisterservice.de\/wp-content\/uploads\/2018\/07\/IMG-20170410-WA0003-e1545153572459-700x400.jpg\" height=\"400\" width=\"700\" alt=\"\" class=\"slider-908 slide-925 msDefaultImage\" title=\"Beleuchtung der Wand\" \/><div class=\"caption-wrap\"><div class=\"caption\">Licht im Garten <\/div><\/div><\/li>\n            <li style='display: none;' aria-roledescription='slide' aria-labelledby='slide-10'><img loading=\"lazy\" decoding=\"async\" src=\"https:\/\/gollong-hausmeisterservice.de\/wp-content\/uploads\/2018\/12\/Schall-3-700x400.jpg\" height=\"400\" width=\"700\" alt=\"\" class=\"slider-908 slide-926 msDefaultImage\" \/><div class=\"caption-wrap\"><div class=\"caption\">WPC Weg Vorgarten <\/div><\/div><\/li>\n            <li style='display: none;' aria-roledescription='slide' aria-labelledby='slide-11'><img loading=\"lazy\" decoding=\"async\" src=\"https:\/\/gollong-hausmeisterservice.de\/wp-content\/uploads\/2022\/01\/20211007_160611-scaled-700x400.jpg\" height=\"400\" width=\"700\" alt=\"\" class=\"slider-908 slide-924 msDefaultImage\" title=\"20211007_160611\" \/><\/li>\n            <li style='display: none;' aria-roledescription='slide' aria-labelledby='slide-12'><img loading=\"lazy\" decoding=\"async\" src=\"https:\/\/gollong-hausmeisterservice.de\/wp-content\/uploads\/2024\/10\/20240604_103055-scaled-700x400.jpg\" height=\"400\" width=\"700\" alt=\"\" class=\"slider-908 slide-932 msDefaultImage\" title=\"20240604_103055\" \/><div class=\"caption-wrap\"><div class=\"caption\"><div>Temposchwellen<\/div><\/div><\/div><\/li>\n            <li style='display: none;' aria-roledescription='slide' aria-labelledby='slide-13'><img loading=\"lazy\" decoding=\"async\" src=\"https:\/\/gollong-hausmeisterservice.de\/wp-content\/uploads\/2020\/11\/20190731_150649-scaled-700x400.jpg\" height=\"400\" width=\"700\" alt=\"\" class=\"slider-908 slide-928 msDefaultImage\" title=\"20190731_150649\" \/><div class=\"caption-wrap\"><div class=\"caption\"><div>Stakettenz\u00e4une<\/div><\/div><\/div><\/li>\n            <li style='display: none;' aria-roledescription='slide' aria-labelledby='slide-14'><img loading=\"lazy\" decoding=\"async\" src=\"https:\/\/gollong-hausmeisterservice.de\/wp-content\/uploads\/2024\/01\/20231215_160748-scaled-700x400.jpg\" height=\"400\" width=\"700\" alt=\"\" class=\"slider-908 slide-913 msDefaultImage\" title=\"20231215_160748\" \/><div class=\"caption-wrap\"><div class=\"caption\"><div>Pergolen\u00a0<\/div><\/div><\/div><\/li>\n            <li style='display: none;' aria-roledescription='slide' aria-labelledby='slide-15'><img loading=\"lazy\" decoding=\"async\" src=\"https:\/\/gollong-hausmeisterservice.de\/wp-content\/uploads\/2024\/10\/20240605_144739-scaled-700x400.jpg\" height=\"400\" width=\"700\" alt=\"\" class=\"slider-908 slide-936 msDefaultImage\" title=\"20240605_144739\" \/><div class=\"caption-wrap\"><div class=\"caption\"><div>Verkehrsbeschilderung\u00a0<\/div><\/div><\/div><\/li>\n            <li style='display: none;' aria-roledescription='slide' aria-labelledby='slide-16'><img loading=\"lazy\" decoding=\"async\" src=\"https:\/\/gollong-hausmeisterservice.de\/wp-content\/uploads\/2024\/10\/20240430_152046-scaled-700x400.jpg\" height=\"400\" width=\"700\" alt=\"\" class=\"slider-908 slide-923 msDefaultImage\" title=\"20240430_152046\" \/><\/li>\n            <li style='display: none;' aria-roledescription='slide' aria-labelledby='slide-17'><img loading=\"lazy\" decoding=\"async\" src=\"https:\/\/gollong-hausmeisterservice.de\/wp-content\/uploads\/2024\/10\/20240319_135548-scaled-700x400.jpg\" height=\"400\" width=\"700\" alt=\"\" class=\"slider-908 slide-911 msDefaultImage\" title=\"20240319_135548\" \/><div class=\"caption-wrap\"><div class=\"caption\"><div>Doppelstabmattenz\u00e4une<\/div><\/div><\/div><\/li>\n            <li style='display: none;' aria-roledescription='slide' aria-labelledby='slide-18'><img loading=\"lazy\" decoding=\"async\" src=\"https:\/\/gollong-hausmeisterservice.de\/wp-content\/uploads\/2024\/01\/20231026_113415-scaled-700x400.jpg\" height=\"400\" width=\"700\" alt=\"\" class=\"slider-908 slide-909 msDefaultImage\" title=\"20231026_113415\" \/><div class=\"caption-wrap\"><div class=\"caption\"><div>Kleing\u00e4rten\u00a0<\/div><\/div><\/div><\/li>\n            <li style='display: none;' aria-roledescription='slide' aria-labelledby='slide-19'><img loading=\"lazy\" decoding=\"async\" src=\"https:\/\/gollong-hausmeisterservice.de\/wp-content\/uploads\/2022\/12\/IMG-20220630-WA0089-700x400.jpg\" height=\"400\" width=\"700\" alt=\"\" class=\"slider-908 slide-915 msDefaultImage\" title=\"IMG-20220630-WA0089\" \/><div class=\"caption-wrap\"><div class=\"caption\"><div>Holzterrassen\u00a0<\/div><\/div><\/div><\/li>\n            <li style='display: none;' aria-roledescription='slide' aria-labelledby='slide-20'><img loading=\"lazy\" decoding=\"async\" src=\"https:\/\/gollong-hausmeisterservice.de\/wp-content\/uploads\/2018\/12\/Gutmann-weg2-700x400.jpg\" height=\"400\" width=\"700\" alt=\"\" class=\"slider-908 slide-927 msDefaultImage\" \/><div class=\"caption-wrap\"><div class=\"caption\">Polygonalplattenweg <\/div><\/div><\/li>\n            <li style='display: none;' aria-roledescription='slide' aria-labelledby='slide-21'><img loading=\"lazy\" decoding=\"async\" src=\"https:\/\/gollong-hausmeisterservice.de\/wp-content\/uploads\/2022\/01\/20210811_133852-scaled-700x400.jpg\" height=\"400\" width=\"700\" alt=\"\" class=\"slider-908 slide-921 msDefaultImage\" title=\"20210811_133852\" \/><\/li>\n            <li style='display: none;' aria-roledescription='slide' aria-labelledby='slide-22'><img loading=\"lazy\" decoding=\"async\" src=\"https:\/\/gollong-hausmeisterservice.de\/wp-content\/uploads\/2024\/10\/20240314_120657-scaled-700x400.jpg\" height=\"400\" width=\"700\" alt=\"\" class=\"slider-908 slide-912 msDefaultImage\" title=\"20240314_120657\" \/><div class=\"caption-wrap\"><div class=\"caption\"><div>Toranlagen\u00a0<\/div><\/div><\/div><\/li>\n            <li style='display: none;' aria-roledescription='slide' aria-labelledby='slide-23'><img loading=\"lazy\" decoding=\"async\" src=\"https:\/\/gollong-hausmeisterservice.de\/wp-content\/uploads\/2022\/01\/20211007_170253-1-scaled-700x400.jpg\" height=\"400\" width=\"700\" alt=\"\" class=\"slider-908 slide-918 msDefaultImage\" title=\"20211007_170253-1\" \/><div class=\"caption-wrap\"><div class=\"caption\"><div>Betonstein<\/div><\/div><\/div><\/li>\n        <\/ul>\n        \n    <\/div>\n<\/div><\/div>\n","protected":false},"excerpt":{"rendered":"<p>\u00a0 Seit 2017 verst\u00e4rkt ein ausgebildeter Landschaftsg\u00e4rtner unser Team und bringt fachliches Know-how sowie langj\u00e4hrige Praxiserfahrung in unseren Betrieb ein. \u00a0 Der Garten ist f\u00fcr uns weit mehr als nur Au\u00dfenfl\u00e4che \u2013 er ist ein Ort der Erholung, des R\u00fcckzugs und der Lebensqualit\u00e4t. Deshalb planen und gestalten wir Ihre Gr\u00fcnanlagen so, dass sie funktional, langlebig [&hellip;]<\/p>\n","protected":false},"author":1,"featured_media":0,"parent":0,"menu_order":0,"comment_status":"closed","ping_status":"closed","template":"","meta":{"footnotes":""},"class_list":["post-36","page","type-page","status-publish","hentry"],"_links":{"self":[{"href":"https:\/\/gollong-hausmeisterservice.de\/index.php?rest_route=\/wp\/v2\/pages\/36","targetHints":{"allow":["GET"]}}],"collection":[{"href":"https:\/\/gollong-hausmeisterservice.de\/index.php?rest_route=\/wp\/v2\/pages"}],"about":[{"href":"https:\/\/gollong-hausmeisterservice.de\/index.php?rest_route=\/wp\/v2\/types\/page"}],"author":[{"embeddable":true,"href":"https:\/\/gollong-hausmeisterservice.de\/index.php?rest_route=\/wp\/v2\/users\/1"}],"replies":[{"embeddable":true,"href":"https:\/\/gollong-hausmeisterservice.de\/index.php?rest_route=%2Fwp%2Fv2%2Fcomments&post=36"}],"version-history":[{"count":31,"href":"https:\/\/gollong-hausmeisterservice.de\/index.php?rest_route=\/wp\/v2\/pages\/36\/revisions"}],"predecessor-version":[{"id":1023,"href":"https:\/\/gollong-hausmeisterservice.de\/index.php?rest_route=\/wp\/v2\/pages\/36\/revisions\/1023"}],"wp:attachment":[{"href":"https:\/\/gollong-hausmeisterservice.de\/index.php?rest_route=%2Fwp%2Fv2%2Fmedia&parent=36"}],"curies":[{"name":"wp","href":"https:\/\/api.w.org\/{rel}","templated":true}]}}