{"id":172,"date":"2018-12-17T22:08:25","date_gmt":"2018-12-17T22:08:25","guid":{"rendered":"http:\/\/gollong-hausmeisterservice.de\/?page_id=172"},"modified":"2024-10-20T18:54:46","modified_gmt":"2024-10-20T18:54:46","slug":"holz-im-garten","status":"publish","type":"page","link":"https:\/\/gollong-hausmeisterservice.de\/?page_id=172","title":{"rendered":"Terassenbau"},"content":{"rendered":"\n<p>Tr\u00e4umen Sie von einer stilvollen Terrasse, die Ihren Garten in eine Oase der Entspannung verwandelt? Unser erfahrenes Team im Garten- und Landschaftsbau steht Ihnen mit kreativen Ideen und handwerklichem K\u00f6nnen zur Seite.                                                                                             <\/p>\n\n\n\n<p><\/p>\n\n\n\n<p>Egal, ob Sie eine gem\u00fctliche Holzterrasse, eine moderne Plattenverlegung oder eine Kombination aus verschiedenen Materialien w\u00fcnschen \u2013 wir gestalten Ihre Terrasse nach Ihren individuellen Vorstellungen.<\/p>\n\n\n\n<p><\/p>\n\n\n\n<p>Profitieren Sie von unserer Expertise in der Planung, Materialauswahl und Ausf\u00fchrung. Gemeinsam schaffen wir einen Au\u00dfenbereich, der perfekt zu Ihrem Zuhause passt und zum Verweilen einl\u00e4dt.<\/p>\n\n\n\n<p><\/p>\n\n\n\n<p><strong>Entdecken Sie die Vielfalt der Gestaltungsm\u00f6glichkeiten und lassen Sie sich inspirieren! Kontaktieren Sie uns f\u00fcr eine pers\u00f6nliche Beratung und ein unverbindliches Angebot. <\/strong><\/p>\n\n\n\n<p><strong>Wir freuen uns darauf, Ihre Terrassen-Tr\u00e4ume Wirklichkeit werden zu lassen!<\/strong><\/p>\n\n\n\n<p><\/p>\n\n\n\n<p><strong>Wir verarbeiten f\u00fcr Sie:<\/strong><\/p>\n\n\n\n<ul class=\"wp-block-list\">\n<li>Holz (L\u00e4rche, Bambus, Bangkirai, Thermoesche, Robinie, Kieferndielen)<\/li>\n\n\n\n<li>Pflaster- und Plattenbel\u00e4ge\u00a0<\/li>\n\n\n\n<li>WPC\u00a0<\/li>\n\n\n\n<li>Natursteinbel\u00e4ge<\/li>\n\n\n\n<li>Feinsteinplattenbel\u00e4ge<\/li>\n<\/ul>\n\n\n\n<p><strong>Beispielbilder<\/strong><\/p>\n\n\n\n<div class=\"alignnormal\"><div id=\"metaslider-id-862\" style=\"max-width: 700px;\" class=\"ml-slider-3-103-0 metaslider metaslider-responsive metaslider-862 ml-slider hide-arrows-smartphone hide-arrows-laptop hide-arrows-desktop ms-theme-default\" role=\"region\" aria-label=\"Terassen\" data-height=\"400\" data-width=\"700\">\n    <div id=\"metaslider_container_862\">\n        <ul id='metaslider_862' class='rslides'>\n            <li aria-roledescription='slide' aria-labelledby='slide-0'><img loading=\"lazy\" decoding=\"async\" src=\"https:\/\/gollong-hausmeisterservice.de\/wp-content\/uploads\/2024\/01\/20230812_170604-scaled-700x400.jpg\" height=\"400\" width=\"700\" alt=\"\" class=\"slider-862 slide-863 msDefaultImage\" title=\"20230812_170604\" \/><div class=\"caption-wrap\"><div class=\"caption\"><div>Bangkirai Dachterrasse\u00a0<\/div><\/div><\/div><\/li>\n            <li style='display: none;' aria-roledescription='slide' aria-labelledby='slide-1'><img loading=\"lazy\" decoding=\"async\" src=\"https:\/\/gollong-hausmeisterservice.de\/wp-content\/uploads\/2024\/01\/20230706_164616-scaled-700x400.jpg\" height=\"400\" width=\"700\" alt=\"\" class=\"slider-862 slide-864 msDefaultImage\" title=\"20230706_164616\" \/><div class=\"caption-wrap\"><div class=\"caption\"><div>Feinsteinzeugterrasse\u00a0<\/div><\/div><\/div><\/li>\n            <li style='display: none;' aria-roledescription='slide' aria-labelledby='slide-2'><img loading=\"lazy\" decoding=\"async\" src=\"https:\/\/gollong-hausmeisterservice.de\/wp-content\/uploads\/2022\/12\/IMG-20220630-WA0089-1-700x400.jpg\" height=\"400\" width=\"700\" alt=\"\" class=\"slider-862 slide-865 msDefaultImage\" title=\"IMG-20220630-WA0089-1\" \/><div class=\"caption-wrap\"><div class=\"caption\"><div>Bangkirai Holzterrasse<\/div><\/div><\/div><\/li>\n            <li style='display: none;' aria-roledescription='slide' aria-labelledby='slide-3'><img loading=\"lazy\" decoding=\"async\" src=\"https:\/\/gollong-hausmeisterservice.de\/wp-content\/uploads\/2022\/01\/20211007_160611-1-scaled-700x400.jpg\" height=\"400\" width=\"700\" alt=\"\" class=\"slider-862 slide-866 msDefaultImage\" title=\"20211007_160611-1\" \/><div class=\"caption-wrap\"><div class=\"caption\"><div>Feinsteinzeug in Holzoptik\u00a0<\/div><\/div><\/div><\/li>\n            <li style='display: none;' aria-roledescription='slide' aria-labelledby='slide-4'><img loading=\"lazy\" decoding=\"async\" src=\"https:\/\/gollong-hausmeisterservice.de\/wp-content\/uploads\/2022\/01\/20210726_191109-scaled-700x400.jpg\" height=\"400\" width=\"700\" alt=\"\" class=\"slider-862 slide-868 msDefaultImage\" title=\"20210726_191109\" \/><div class=\"caption-wrap\"><div class=\"caption\"><div>Feinsteinzeug in Eichenoptik\u00a0<\/div><\/div><\/div><\/li>\n            <li style='display: none;' aria-roledescription='slide' aria-labelledby='slide-5'><img loading=\"lazy\" decoding=\"async\" src=\"https:\/\/gollong-hausmeisterservice.de\/wp-content\/uploads\/2022\/01\/20210304_161657-scaled-700x400.jpg\" height=\"400\" width=\"700\" alt=\"\" class=\"slider-862 slide-869 msDefaultImage\" title=\"20210304_161657\" \/><\/li>\n            <li style='display: none;' aria-roledescription='slide' aria-labelledby='slide-6'><img loading=\"lazy\" decoding=\"async\" src=\"https:\/\/gollong-hausmeisterservice.de\/wp-content\/uploads\/2020\/11\/20191118_122245-2-scaled-700x400.jpg\" height=\"400\" width=\"700\" alt=\"\" class=\"slider-862 slide-870 msDefaultImage\" title=\"Feinsteinterrasse\" \/><div class=\"caption-wrap\"><div class=\"caption\"><div>Feinsteinzeug\u00a0<\/div><\/div><\/div><\/li>\n            <li style='display: none;' aria-roledescription='slide' aria-labelledby='slide-7'><img loading=\"lazy\" decoding=\"async\" src=\"https:\/\/gollong-hausmeisterservice.de\/wp-content\/uploads\/2024\/01\/20230812_091141-scaled-700x400.jpg\" height=\"400\" width=\"700\" alt=\"\" class=\"slider-862 slide-872 msDefaultImage\" title=\"20230812_091141\" \/><div class=\"caption-wrap\"><div class=\"caption\"><div>Unterbau f\u00fcr eine Dachterrasse\u00a0<\/div><\/div><\/div><\/li>\n            <li style='display: none;' aria-roledescription='slide' aria-labelledby='slide-8'><img loading=\"lazy\" decoding=\"async\" src=\"https:\/\/gollong-hausmeisterservice.de\/wp-content\/uploads\/2022\/01\/20210726_191141-1-scaled-700x400.jpg\" height=\"400\" width=\"700\" alt=\"\" class=\"slider-862 slide-873 msDefaultImage\" title=\"20210726_191141-1\" \/><\/li>\n        <\/ul>\n        \n    <\/div>\n<\/div><\/div>\n\n\n\n<p><\/p>\n","protected":false},"excerpt":{"rendered":"<p>Tr\u00e4umen Sie von einer stilvollen Terrasse, die Ihren Garten in eine Oase der Entspannung verwandelt? Unser erfahrenes Team im Garten- und Landschaftsbau steht Ihnen mit kreativen Ideen und handwerklichem K\u00f6nnen zur Seite. Egal, ob Sie eine gem\u00fctliche Holzterrasse, eine moderne Plattenverlegung oder eine Kombination aus verschiedenen Materialien w\u00fcnschen \u2013 wir gestalten Ihre Terrasse nach Ihren [&hellip;]<\/p>\n","protected":false},"author":1,"featured_media":0,"parent":0,"menu_order":0,"comment_status":"closed","ping_status":"closed","template":"","meta":{"footnotes":""},"class_list":["post-172","page","type-page","status-publish","hentry"],"_links":{"self":[{"href":"https:\/\/gollong-hausmeisterservice.de\/index.php?rest_route=\/wp\/v2\/pages\/172","targetHints":{"allow":["GET"]}}],"collection":[{"href":"https:\/\/gollong-hausmeisterservice.de\/index.php?rest_route=\/wp\/v2\/pages"}],"about":[{"href":"https:\/\/gollong-hausmeisterservice.de\/index.php?rest_route=\/wp\/v2\/types\/page"}],"author":[{"embeddable":true,"href":"https:\/\/gollong-hausmeisterservice.de\/index.php?rest_route=\/wp\/v2\/users\/1"}],"replies":[{"embeddable":true,"href":"https:\/\/gollong-hausmeisterservice.de\/index.php?rest_route=%2Fwp%2Fv2%2Fcomments&post=172"}],"version-history":[{"count":16,"href":"https:\/\/gollong-hausmeisterservice.de\/index.php?rest_route=\/wp\/v2\/pages\/172\/revisions"}],"predecessor-version":[{"id":878,"href":"https:\/\/gollong-hausmeisterservice.de\/index.php?rest_route=\/wp\/v2\/pages\/172\/revisions\/878"}],"wp:attachment":[{"href":"https:\/\/gollong-hausmeisterservice.de\/index.php?rest_route=%2Fwp%2Fv2%2Fmedia&parent=172"}],"curies":[{"name":"wp","href":"https:\/\/api.w.org\/{rel}","templated":true}]}}